r of c and m?
13
Let g(y) = 5*y + 11. Let h be g(5). Suppose -2*s - 14 + h = 0. Suppose -330 = -2*l - l. What is the greatest common divisor of s and l?
11
Let k = -134 + 211. What is the highest common factor of k and 11?
11
Let y be (3/6)/(1/16). Let q = -9 - -17. What is the greatest common factor of q and y?
8
Let r = -10 + 16. Let q(j) = -8*j + 10. Let c be q(-7). Calculate the highest common factor of c and r.
6
Suppose 2*j = 13 + 29. Suppose 4*s + t = 58, 3*t + 22 = s + s. Calculate the greatest common factor of j and s.
7
Let f(m) = m**2 - 3*m + 1. Let k be f(5). Let n = 5 + -6. Let s = k + n. Calculate the highest common divisor of 80 and s.
10
Let p(s) = s**2 - 5*s. Let y be p(4). Let r = -4 - y. Suppose 2*k + u - 5 = 0, -k + 1 + r = -u. What is the highest common factor of k and 6?
2
Let f(k) = -k**3 + 4*k**2 + 3*k - 3. Let l be f(5). Let x = l - -32. Suppose 0 = -4*g + x + 41. What is the highest common divisor of g and 165?
15
Let z(j) = -3 - 3*j**2 - 5*j + 8*j**3 - 7*j**3 - 3*j**2 + 4*j**2. Let r be z(4). Calculate the greatest common factor of r and 3.
3
Let d be 25/3 - (-4)/6. Let a(q) = -q**3 + 14*q**2 - 13*q - 1. Let m be a(11). Let s = m + -120. What is the highest common divisor of d and s?
9
Suppose 7*h = 3*h + 8. What is the greatest common factor of 22 and h?
2
Let v(y) = y**3 + 6*y**2 + 6*y + 5. Let d be v(-5). Let f be d + 3*51/9. What is the greatest common factor of 34 and f?
17
Let i(u) = -u**3 + 2. Let z be i(2). Let o = 19 + z. Suppose -5*g = -q + 64, -2*q = -2*g + 5*g - 63. Calculate the highest common divisor of o and q.
13
Suppose 0*d = d - 104. What is the greatest common factor of 13 and d?
13
Suppose -5*t - 2*i + 140 = 0, -3*t - 56 = -5*t + 5*i. Calculate the highest common factor of 14 and t.
14
Let f(v) = -v**3 - 5*v**2 - v - 4. Let p be f(-5). Suppose -5*h + h - 3*z = -11, -8 = -h + z. What is the highest common factor of h and p?
1
Let c = 17 + 1. Suppose -46 = -2*s - 10. What is the greatest common factor of c and s?
18
Suppose -30 = -2*n - 5*y, 3*y + 11 = 3*n + 2*y. Suppose 2*t - n - 3 = 0. Let j = t + 0. Calculate the highest common divisor of j and 4.
4
Let h(t) = 2*t - 2. Let m be h(8). Calculate the highest common divisor of 154 and m.
14
Let c(g) = 14*g**2 + 2*g + 1. Let n be c(-3). What is the greatest common divisor of n and 11?
11
Let g = 64 + -60. Calculate the highest common divisor of g and 4.
4
Suppose a - 9 = 3. Suppose 108 = 3*j - a. What is the highest common divisor of 60 and j?
20
Let j(n) = 9*n + 1. Let v be j(3). Suppose 560 = -3*r + 8*r. What is the highest common divisor of v and r?
28
Let s = -2 + 4. Let a be (3 - 0)/(3/4). Let r be (-365)/(-20) + (-1)/a. What is the highest common factor of r and s?
2
Let p(j) = 5*j + 12. Let r be p(8). Calculate the greatest common factor of 13 and r.
13
Let s = -9 - -22. Suppose -4*u + 41 = s. Calculate the greatest common factor of 42 and u.
7
Suppose -56 = -2*g + 2*h, -3*g + 3*h + 55 = -g. Let p(a) = -a + 29. Let r be p(0). Calculate the highest common factor of g and r.
29
Let m be (17/(-102))/((-1)/6). Calculate the highest common divisor of m and 7.
1
Let v be (-240)/9*(-9)/6. Calculate the highest common factor of v and 20.
20
Suppose -5*y - 75 = -5*x + 3*x, -4*y - 168 = -4*x. Calculate the greatest common divisor of 9 and x.
9
Let h(g) be the first derivative of g**4/4 + 85*g - 3. Let d be h(0). Calculate the highest common divisor of 17 and d.
17
Let t = -13 + 17. Calculate the greatest common divisor of t and 2.
2
Let n be (-928)/(-24) + 4/(-6). Calculate the greatest common factor of 190 and n.
38
Let t be 12/3*1/2. Suppose 0 = t*n + 3*n - 220. Calculate the highest common divisor of 11 and n.
11
Let l = -10 + 29. Calculate the greatest common factor of 209 and l.
19
Suppose -a + 12 = 2*a. Calculate the highest common divisor of a and 12.
4
Suppose 2*l - 13 = -f, -2*l + 1 = -l - 5*f. Let x(u) = -6*u**3 - u**2 + u - 1. Let q be x(1). Let p = q - -9. Calculate the greatest common factor of p and l.
2
Let v = -13 - -8. Let b be (-2)/v - (-1584)/40. What is the greatest common divisor of 8 and b?
8
Let y = 0 + 0. Suppose -5*o + 8 - 3 = y. Let n be o*12 - (-1)/1. Calculate the greatest common divisor of 52 and n.
13
Suppose 3*g = -2*g + 150. What is the highest common factor of 270 and g?
30
Let b = 155 + -83. What is the greatest common divisor of b and 9?
9
Let q = 4 - -6. Suppose -2*m + 10 = b - m, -2*b - q = -4*m. What is the greatest common divisor of b and 5?
5
Suppose r = 5*o + 4*r + 66, -3*r = -3*o - 30. Let u be 2/6 - 188/o. Suppose -5*w + 3*w = -u. Calculate the highest common divisor of w and 2.
2
Let p be 42/7*(-3)/(36/(-56)). What is the greatest common divisor of p and 70?
14
Let r(z) = 8*z - 3. Suppose -3*c + g = 4*g - 33, -3*g - 15 = -5*c. Let u be r(c). Calculate the greatest common divisor of 15 and u.
15
Let c(b) = b**2 + 7*b + 12. Let a be c(-14). What is the greatest common divisor of a and 22?
22
Suppose 24*h - 120 = 19*h. What is the highest common divisor of 16 and h?
8
Let j(x) = -18*x - 4. Let i be j(-4). Suppose -4*v + i + 212 = 0. Let h = v + -40. What is the greatest common factor of 75 and h?
15
Suppose 0 = -2*k + k + 5. Calculate the greatest common divisor of 15 and k.
5
Let u(j) = -j**3 - 7*j**2 + 7*j - 6. Let s be u(-8). Calculate the highest common divisor of s and 1.
1
Suppose 18 = 3*c - 4*c + 4*x, 3*c - 31 = -5*x. Suppose 0 = -c*t - 2*t + 616. What is the highest common factor of 14 and t?
14
Let w be 2/5 + (-88)/20. Let h be (-8)/(-3)*3/2. Let l = h - w. Calculate the greatest common divisor of 1 and l.
1
Suppose 4*w = -5*f + 2*w + 129, 5*w = f - 15. Suppose 2*z - 7*z + 50 = 0. Calculate the greatest common divisor of f and z.
5
Let p = 9 - 4. Calculate the highest common factor of 5 and p.
5
Let k = -51 - -74. Suppose 243 = 4*f + l, 5*l = k - 8. Suppose -4*z + h = 3*h - 42, -z = 5*h + 3. Calculate the greatest common divisor of f and z.
12
Let c = 182 - 126. Calculate the highest common divisor of c and 7.
7
Let z = 71 + -11. Suppose 5*b - z = -0. Suppose -53 = -3*f + 91. What is the greatest common divisor of f and b?
12
Suppose -n = -2*n + 80. Suppose 2*p - 20 = -0. Calculate the highest common factor of n and p.
10
Let z be 21/(1 + -4)*3. Let l = 51 + z. What is the greatest common factor of l and 12?
6
Suppose -4*l + 4*v = -64, -13 = -l - v - v. Let o = 299 - 164. Calculate the highest common divisor of l and o.
15
Let n be -6*(-8)/6 + -2. Let f(b) = b**2 - 2. Let l be f(-2). Suppose l*o + 24 = 4*o. What is the greatest common divisor of o and n?
6
Suppose 5*x = 2*u + 62, -14 = -x - 3*u + 5*u. Suppose 2*b = -5*o + b + 237, -2*o + 93 = b. Calculate the highest common factor of x and o.
12
Let n = 4 + -4. Let g = n + 1. Suppose -5*y - 3*u = -8*u - 55, 3*y = 4*u + 35. Calculate the greatest common factor of g and y.
1
Let s be (-18)/(-4) + (-1)/(-2). Suppose -s*u = -8*u - 15. Let w = 8 + u. Calculate the greatest common factor of 2 and w.
1
Let l(a) = -4*a**2 + 38*a. Let n be l(9). Let j(v) = -19*v - 5. Let b be j(-5). Calculate the highest common divisor of b and n.
18
Suppose 2*i - 4*i = 30. Let g = i - 0. Let u = g - -21. Calculate the highest common factor of 18 and u.
6
Let f(u) = u**3 - 8*u**2 - 7*u - 7. Let o be f(9). What is the greatest common factor of o and 22?
11
Let k = 0 - -1. Let d = k + 0. Let c = d - 0. What is the highest common factor of 3 and c?
1
Let g(t) = t**3 + t**2 - t + 12. Let a be g(0). What is the greatest common factor of 30 and a?
6
Suppose -4*m = -3*p + 176, -m + 2*p = 18 + 21. Let s = -28 - m. Calculate the greatest common factor of s and 19.
19
Let z(m) = 2*m**2 + 9*m - 8. Let q be z(-7). Suppose -3*k - 9 = -q. What is the highest common divisor of k and 18?
6
Let k = 17 + -7. Suppose 63 = 3*o + 3. Calculate the greatest common divisor of k and o.
10
Suppose -8*h = -4*h - 868. What is the greatest common divisor of h and 31?
31
Let f(l) = -9*l + 12. Let y be f(0). Calculate the greatest common divisor of 228 and y.
12
Suppose -6 - 27 = -11*q. Suppose -5*j + 5 = u, 0 = -6*u + 3*u + 5*j + 15. Suppose -q*g = -u*g + 22. Calculate the greatest common divisor of g and 121.
11
Let s be (-377)/58*12/(-2). What is the highest common factor of 429 and s?
39
Let n(y) = -4*